{"id":1998,"date":"2022-02-17T18:32:59","date_gmt":"2022-02-17T17:32:59","guid":{"rendered":"https:\/\/www.ipcic.il.pw.edu.pl\/?page_id=1998"},"modified":"2022-02-17T18:32:59","modified_gmt":"2022-02-17T17:32:59","slug":"metodologia","status":"publish","type":"page","link":"https:\/\/www.ipcic.il.pw.edu.pl\/index.php\/pl\/metodologia\/","title":{"rendered":"Metodologia"},"content":{"rendered":"<p><a href=\"https:\/\/chmura.il.pw.edu.pl\/index.php\/s\/8WiRDw8rWYyw876\">METODOLOGIA IPCIC<\/a><\/p>\n<p>IO2: Creation of courses methodology \u2013 rezultat zrealizowano zgodnie z za\u0142o\u017ceniami projektu; opracowano metodologi\u0119 uwzgl\u0119dniaj\u0105c\u0105 innowacyjne technologie multimedialne przy realizacji program\u00f3w nauczania wraz z systemem oceny przyswajania wiedzy zawodowej przez uczestnik\u00f3w szkolenia.<\/p>\n","protected":false},"excerpt":{"rendered":"<p>METODOLOGIA IPCIC IO2: Creation of courses methodology \u2013 rezultat zrealizowano zgodnie z za\u0142o\u017ceniami projektu; opracowano metodologi\u0119 uwzgl\u0119dniaj\u0105c\u0105 innowacyjne technologie multimedialne przy realizacji program\u00f3w nauczania wraz z systemem oceny przyswajania wiedzy zawodowej przez uczestnik\u00f3w szkolenia.<\/p>\n","protected":false},"author":1,"featured_media":0,"parent":0,"menu_order":0,"comment_status":"closed","ping_status":"closed","template":"","meta":{"ngg_post_thumbnail":0,"footnotes":""},"class_list":["post-1998","page","type-page","status-publish","hentry"],"_links":{"self":[{"href":"https:\/\/www.ipcic.il.pw.edu.pl\/index.php\/wp-json\/wp\/v2\/pages\/1998","targetHints":{"allow":["GET"]}}],"collection":[{"href":"https:\/\/www.ipcic.il.pw.edu.pl\/index.php\/wp-json\/wp\/v2\/pages"}],"about":[{"href":"https:\/\/www.ipcic.il.pw.edu.pl\/index.php\/wp-json\/wp\/v2\/types\/page"}],"author":[{"embeddable":true,"href":"https:\/\/www.ipcic.il.pw.edu.pl\/index.php\/wp-json\/wp\/v2\/users\/1"}],"replies":[{"embeddable":true,"href":"https:\/\/www.ipcic.il.pw.edu.pl\/index.php\/wp-json\/wp\/v2\/comments?post=1998"}],"version-history":[{"count":1,"href":"https:\/\/www.ipcic.il.pw.edu.pl\/index.php\/wp-json\/wp\/v2\/pages\/1998\/revisions"}],"predecessor-version":[{"id":2000,"href":"https:\/\/www.ipcic.il.pw.edu.pl\/index.php\/wp-json\/wp\/v2\/pages\/1998\/revisions\/2000"}],"wp:attachment":[{"href":"https:\/\/www.ipcic.il.pw.edu.pl\/index.php\/wp-json\/wp\/v2\/media?parent=1998"}],"curies":[{"name":"wp","href":"https:\/\/api.w.org\/{rel}","templated":true}]}}